
3, 11, 73
Let v(y) = 4*y**2 - 4*y + 6. Let m(l) = -20*l**2 + 19*l - 31. Let u(f) = 2*m(f) + 11*v(f). What are the prime factors of u(7)?
2, 79
What are the prime factors of 2230 + 2*(-5)/10*-5?
3, 5, 149
Let v(h) be the third derivative of 23*h**4/24 - 11*h**2. What are the prime factors of v(1)?
23
Let b = -366 + 1534. List the prime factors of b.
2, 73
Let g(o) = 69*o**2 - 8*o - 13. What are the prime factors of g(-3)?
2, 79
Let a(k) = 69*k**2 - k - 3. Suppose 2*q + 5 = 5*n, -5*n + q + 10 = -2*q. What are the prime factors of a(n)?
67
Suppose b + 214 = 5*a - 46, -97 = -2*a - b. Let u = -992 + 967. Let d = u + a. List the prime factors of d.
2, 13
Suppose -13*u + 7325 = -241. List the prime factors of u.
2, 3, 97
Suppose -h = 72 - 392. Suppose 3*k + h = 8*k. What are the prime factors of k?
2
Let t(f) = 8*f**3 - 12*f**2 + 17*f - 45. What are the prime factors of t(9)?
2, 3, 23
Suppose 4*t + t + 660 = 0. Let d = t + 223. List the prime factors of d.
7, 13
Let d be 6/(-4)*(-2)/(-3). What are the prime factors of 19 + (-2)/d + 2?
23
Let t = 503 + -239. Suppose -6*p + t = -3*p. List the prime factors of p.
2, 11
Let j(v) = 9 + 1328*v - 1347*v - 30. List the prime factors of j(-9).
2, 3, 5
Let k = 41 + -37. Suppose 155 = 2*m + b, -3*m - k*b + 65 = -175. What are the prime factors of m?
2, 19
Let j(t) = 4*t**2 + 2*t. Let y be j(2). Let m be (-84 - 1)*(-8)/y. Let h = 58 - m. What are the prime factors of h?
2, 3
Let r(c) = -1 + 8 - 3*c + 2*c**2 + 0 - 3*c. Let y be r(6). Let d = 71 - y. What are the prime factors of d?
2, 7
Suppose -5*p + 35 = 10. Suppose x - 14 = -2*h - h, -2*x + 5*h = p. What are the prime factors of 36/(-60) - (-328)/x?
5, 13
Suppose -d - 4 = -9. Suppose z + 7 = r, 0*z - z = d. Suppose 0 = -4*u + 2*u - r*o + 76, -2*o = -4*u + 164. List the prime factors of u.
2, 5
Suppose 11*r = 8*r + 1767. What are the prime factors of r?
19, 31
Suppose 3*g - 12 = 0, -469 = -5*p - 4*g + 12. Let c = 133 - p. List the prime factors of c.
2, 5
Let u = 1932 - 1709. List the prime factors of u.
223
Let o(x) = 3*x + 18. Let b be o(-6). Suppose -5*r + u + 47 = b, 0 = 3*r + 2*u - 6*u - 35. What are the prime factors of r?
3
Suppose 136*m - 134*m = q - 2022, -3*q + 6026 = 2*m. What are the prime factors of q?
2, 503
Suppose 0 = -d + 5 - 7. What are the prime factors of d/11 + (-6018)/(-66)?
7, 13
Suppose 4*i - 17 = -3*l, -5*i - 4 = -4*l - 2. List the prime factors of -78*((-5)/(-5) - l).
2, 3, 13
List the prime factors of ((-90)/4)/((-41)/2870).
3, 5, 7
Suppose p - 668 = 5*c, 5*p + 4*c - 816 = 2524. List the prime factors of p.
2, 167
Let o be 6/(-5)*(40/(-16))/1. Suppose 3*n - o = 0, 3*n + 0*n + 104 = f. List the prime factors of f.
107
Suppose 54 = z + 5*z. Suppose -z*h + 276 = -5*h. What are the prime factors of h?
3, 23
Let u(l) = -3*l - 9. Let i = -17 + 13. Let y be u(i). What are the prime factors of 40*(y - 2) + 3?
43
Let p = -136 + 144. What are the prime factors of p?
2
Let c be ((-74)/6)/((-10)/(-30)). Let u = -26 - c. What are the prime factors of u?
11
Let l(f) = -f**3 + 14*f**2 + 16*f - 13. Let t be l(15). Suppose -160 = t*d - 6*d. What are the prime factors of d?
2, 5
Let c be 16/32 - 1542/(-4). Let p = c + -211. What are the prime factors of p?
5, 7
Let z = 348 + -137. Suppose 3*k + 1447 = 5*b + 428, b = -3*k + z. What are the prime factors of b?
5, 41
Let g(f) = -2*f. Let l be g(-1). Suppose -4*c = -l*c + 28. What are the prime factors of 333/21 + (-2)/c?
2
Suppose -760 = -2*c - 56. What are the prime factors of c?
2, 11
Suppose -4*p = -20*s + 24*s - 7568, -5*s + 4*p = -9478. List the prime factors of s.
2, 947
Suppose -4*i + 10 = 3*c, -3*i + 6 + 12 = -3*c. Let p(j) = 10*j**2 + 3*j - 1. Let d be p(i). What are the prime factors of (-6)/8 + d/4?
2, 3, 7
Suppose -90*s + 4731 = -87*s - 4*l, -5*l = 2*s - 3154. List the prime factors of s.
19, 83
Let v = 26 - 25. Let w(o) = 36*o**2 - o + 1. Let u be w(v). Suppose 2 + u = 4*q + 2*y, 1 = -y. What are the prime factors of q?
2, 5
Let o be ((-1)/((-10)/96))/((-6)/(-220)). Let z = -198 + o. List the prime factors of z.
2, 7, 11
Suppose -3933 = -15*y + 16047. What are the prime factors of y?
2, 3, 37
Let k(t) = -2314*t - 23. What are the prime factors of k(-2)?
3, 5, 307
Let z = -723 + 1263. List the prime factors of z.
2, 3, 5
Let d be (-303)/33 - (-10)/55. List the prime factors of -1 - -2 - 486/d.
5, 11
Let s(o) be the third derivative of -o**5/60 + 3*o**4/4 + 11*o**3/2 - 13*o**2. What are the prime factors of s(18)?
3, 11
Suppose 0*f - 3*a = -f - 8, -2*a = -3*f + 4. Suppose 0 = 2*n - 5*j - 32 + 2, 21 = n - f*j. What are the prime factors of n?
5
Suppose -2*y - j = -20, 3*y + j = 4*j + 48. Let p be -12*8/y + 0. What are the prime factors of (2 - 14)/(p/20)?
2, 3, 5
Let g(v) = -13*v + 17 - 3 + 2 + 12*v. List the prime factors of g(13).
3
Let s be (10/(-4))/(-15*7/84). Suppose 0 = -s*q - 3*o + 107 + 134, 3 = -o. List the prime factors of q.
5
Suppose -33*p + 167 = -2572. List the prime factors of p.
83
Suppose -3*u + 2105 = 368. List the prime factors of u.
3, 193
Suppose -6 = -2*b, -5*u - 5*b + 40 = -0*u. Let q(r) = 3*r + 4*r + 2 - u*r - 4*r. List the prime factors of q(-3).
2
Let q = -898 - -1380. List the prime factors of q.
2, 241
Let m be (-1)/(62/(-60) + 1). Let j = 730 - 730. Suppose d + 8 - m = j. List the prime factors of d.
2, 11
List the prime factors of 20/4 + -10 + 2401.
2, 599
Let z = 4 - -1. Suppose 185 = 3*p + f, -102 - 203 = -z*p - 5*f. Suppose p = 5*q + 2*l + l, -51 = -4*q - l. List the prime factors of q.
13
Let r(b) = 12*b - 1. Let f be r(10). Suppose -43 = -3*k + f. What are the prime factors of k?
2, 3
Let z = 2630 - 1595. List the prime factors of z.
3, 5, 23
Let p(w) = 34*w**2 - 26*w + 8. What are the prime factors of p(-7)?
2, 29
Let a(k) be the second derivative of k**4/12 + 11*k**3/6 - 5*k**2 + 5*k. Let y be a(-12). Suppose -y*u + 39 = -15. List the prime factors of u.
3
Suppose -11291 = -21*r + 16*r - 3*d, 3*d = -r + 2263. List the prime factors of r.
37, 61
Suppose -189 = -2*h + s, 12*s = -h + 10*s + 92. Suppose -d = -0*d + 5*i + 43, -2*i - 52 = d. Let v = h + d. List the prime factors of v.
2, 3
Let r be 3 + (42 - (5 - 2)). Suppose -3*v + 11 = 2, 4*v = -3*j + r. List the prime factors of j.
2, 5
Let p(s) = 37*s**3 + s**2 + s + 1. Let w be p(-1). Let x be (-16)/(-7) - w/(-126). Suppose 0*i + x*v = -5*i + 241, i = 3*v + 38. List the prime factors of i.
47
Suppose -5*o = -2*y + 16, -3*y - 2*o + 49 = -13. Suppose 3*b + 4*s - y = 196, -b - 3*s + 68 = 0. List the prime factors of b.
2, 37
Suppose -a - 247 = -4*t, 5*t - 80 - 234 = -4*a. List the prime factors of t.
2, 31
Let m be 1 + -4 + (2 - -4). What are the prime factors of -255*2/(-18)*m?
5, 17
Suppose 133*q - 132*q + 3*u - 933 = 0, -3732 = -4*q - 4*u. List the prime factors of q.
3, 311
Let r be 114/(4 - 1) + 1. Let p be (-340)/14 + (-6)/(-21). Let g = p + r. List the prime factors of g.
3, 5
List the prime factors of ((-44252)/222)/(1/(-9)).
2, 3, 13, 23
Let m = -14 + 16. Let g be (-21)/(-14) - (-1)/m. Suppose 0 = 3*d + 5*n - 22, g*d = 4*n + n + 23. List the prime factors of d.
3
Let n(k) = k**3 - 15*k**2 + 23*k - 8. Let y(i) = i**2 + i - 1. Let g = 16 - 19. Let l(f) = g*y(f) + n(f). What are the prime factors of l(17)?
2, 23
Let v = -1025 - -2117. What are the prime factors of 1/(-3) + v/63?
17
Let z be 3/((-4)/(20/15)). Let d(c) = 59*c**2 - c - 1. List the prime factors of d(z).
59
Let a(x) = -108*x**3 - 7*x**2 - 12*x - 16. List the prime factors of a(-3).
13, 17
Let s = -78 + 94. Let g(y) = 6*y + 34. What are the prime factors of g(s)?
2, 5, 13
Let s(r) = -8*r**3 + 3*r**2 + 2*r. Let l be s(-1). Suppose 2*h - 3*a = -3*h + 544, 0 = 3*a + l. What are the prime factors of h?
107
Let t = -14 + 17. Suppose -t*a + 127 = 2*b, -a + 0*a = -4*b + 247. What are the prime factors of b?
2, 31
Let y(x) = 3*x**2 - 7*x - 13. What are the prime factors of y(13)?
13, 31
Let r(w) = 8 + w**2 + 8*w + 6 + 2*w. Let x be r(-10). What are the prime factors of 4/(-14) + 228/x?
2
Let f(x) = -x**2 + 9*x - 5. Let d be f(8). Suppose 2*s - 2 = -2*g, -3*g = -d*s - 14 - 19. List the prime factors of g.
2, 3
Let i = 95 + 458. List the prime factors of i.
7, 79
Let d = 21 - 17. Let v(f) = -12*f + 7. Let h be v(d). Let z = 73 + h. List the prime f